{"id":1111,"date":"2026-04-15T06:39:46","date_gmt":"2026-04-15T06:39:46","guid":{"rendered":"https:\/\/products.pap.com.vn\/?post_type=product&#038;p=1111"},"modified":"2026-04-16T02:59:13","modified_gmt":"2026-04-16T02:59:13","slug":"bep-au-4-hong-co-lo-nuong","status":"publish","type":"product","link":"https:\/\/products.pap.com.vn\/?product=bep-au-4-hong-co-lo-nuong","title":{"rendered":"B\u1ebfp \u00c2u 4 h\u1ecdng c\u00f3 l\u00f2 n\u01b0\u1edbng KingBetter XKE-RQB-700"},"content":{"rendered":"<p>B\u1ebfp \u00c2u 4 h\u1ecdng c\u00f3 l\u00f2 n\u01b0\u1edbng KingBetter XKE-RQB-700\u00a0 l\u00e0 thi\u1ebft b\u1ecb b\u1ebfp c\u00f4ng nghi\u1ec7p \u0111a n\u0103ng, ph\u00f9 h\u1ee3p cho nh\u00e0 h\u00e0ng, kh\u00e1ch s\u1ea1n v\u00e0 b\u1ebfp \u0103n chuy\u00ean nghi\u1ec7p c\u1ea7n ch\u1ebf bi\u1ebfn nhi\u1ec1u m\u00f3n c\u00f9ng l\u00fac. S\u1ea3n ph\u1ea9m \u0111\u01b0\u1ee3c thi\u1ebft k\u1ebf v\u1edbi m\u1eb7t b\u1ebfp inox 304 b\u1ec1n b\u1ec9, th\u00e2n inox 201 ch\u1eafc ch\u1eafn, ch\u1ecbu nhi\u1ec7t v\u00e0 ch\u1ed1ng \u0103n m\u00f2n t\u1ed1t trong m\u00f4i tr\u01b0\u1eddng b\u1ebfp c\u00f4ng nghi\u1ec7p.<\/p>\n<h1>Th\u00f4ng s\u1ed1 k\u1ef9 thu\u1eadt B\u1ebfp \u00c2u 4 h\u1ecdng c\u00f3 l\u00f2 n\u01b0\u1edbng KingBetter XKE-RQB-700<\/h1>\n<table>\n<thead>\n<tr>\n<th><strong>Th\u00f4ng s\u1ed1<\/strong><\/th>\n<th><strong>Chi ti\u1ebft<\/strong><\/th>\n<\/tr>\n<\/thead>\n<tbody>\n<tr>\n<td>Model<\/td>\n<td>KingBetter XKE-RQB-700<\/td>\n<\/tr>\n<tr>\n<td>Lo\u1ea1i thi\u1ebft b\u1ecb<\/td>\n<td>B\u1ebfp \u00c2u 4 h\u1ecdng c\u00f3 l\u00f2 n\u01b0\u1edbng<\/td>\n<\/tr>\n<tr>\n<td>C\u00f4ng su\u1ea5t<\/td>\n<td>36 kW<\/td>\n<\/tr>\n<tr>\n<td>Nhi\u1ec7t \u0111\u1ed9 l\u00f2 n\u01b0\u1edbng<\/td>\n<td>50 \u2013 300\u00b0C<\/td>\n<\/tr>\n<tr>\n<td>S\u1ed1 h\u1ecdng \u0111\u1ed1t<\/td>\n<td>6 h\u1ecdng<\/td>\n<\/tr>\n<tr>\n<td>Ch\u1ea5t li\u1ec7u m\u1eb7t b\u1ebfp<\/td>\n<td>Inox 304<\/td>\n<\/tr>\n<tr>\n<td>Ch\u1ea5t li\u1ec7u th\u00e2n b\u1ebfp<\/td>\n<td>Inox 201<\/td>\n<\/tr>\n<tr>\n<td>H\u1ec7 th\u1ed1ng \u0111\u00e1nh l\u1eeda l\u00f2 n\u01b0\u1edbng<\/td>\n<td>K\u00edch ho\u1ea1t b\u1eb1ng n\u00fat pin<\/td>\n<\/tr>\n<tr>\n<td>Trang b\u1ecb k\u00e8m theo<\/td>\n<td>C\u00f3 s\u00fang m\u1ed3i l\u1eeda<\/td>\n<\/tr>\n<tr>\n<td>B\u1ea3o h\u00e0nh<\/td>\n<td>12 th\u00e1ng<\/td>\n<\/tr>\n<\/tbody>\n<\/table>\n<h2>\u01afu \u0111i\u1ec3m c\u1ee7a B\u1ebfp \u00c2u 4 h\u1ecdng c\u00f3 l\u00f2 n\u01b0\u1edbng KingBetter XKE-RQB-700<\/h2>\n<h3 data-section-id=\"19qbwvb\" data-start=\"0\" data-end=\"70\"><span role=\"text\"><strong data-start=\"4\" data-end=\"70\">\u01afu \u0111i\u1ec3m c\u1ee7a KingBetter XKE-RQB-700 \u2013 B\u1ebfp \u00c2u 4 h\u1ecdng c\u00f3 l\u00f2 n\u01b0\u1edbng<\/strong><\/span><\/h3>\n<p data-start=\"72\" data-end=\"439\">Trong m\u00f4i tr\u01b0\u1eddng b\u1ebfp c\u00f4ng nghi\u1ec7p hi\u1ec7n \u0111\u1ea1i, thi\u1ebft b\u1ecb n\u1ea5u n\u01b0\u1edbng kh\u00f4ng ch\u1ec9 c\u1ea7n c\u00f4ng su\u1ea5t m\u1ea1nh m\u00e0 c\u00f2n ph\u1ea3i \u0111\u1ea3m b\u1ea3o t\u00ednh \u1ed5n \u0111\u1ecbnh, \u0111\u1ed9 b\u1ec1n v\u00e0 kh\u1ea3 n\u0103ng v\u1eadn h\u00e0nh linh ho\u1ea1t. <strong data-start=\"236\" data-end=\"288\">B\u1ebfp \u00c2u 4 h\u1ecdng c\u00f3 l\u00f2 n\u01b0\u1edbng KingBetter XKE-RQB-700<\/strong> \u0111\u01b0\u1ee3c thi\u1ebft k\u1ebf \u0111\u00e1p \u1ee9ng \u0111\u1ea7y \u0111\u1ee7 c\u00e1c ti\u00eau ch\u00ed \u0111\u00f3, tr\u1edf th\u00e0nh l\u1ef1a ch\u1ecdn ph\u00f9 h\u1ee3p cho nh\u00e0 h\u00e0ng, kh\u00e1ch s\u1ea1n, b\u1ebfp \u0103n c\u00f4ng nghi\u1ec7p v\u00e0 c\u00e1c m\u00f4 h\u00ecnh F&amp;B chuy\u00ean nghi\u1ec7p.<\/p>\n<p data-start=\"72\" data-end=\"439\"><a href=\"https:\/\/products.pap.com.vn\/wp-content\/uploads\/2026\/04\/May-rua-chen-cua-day-WinterHalter-P50-1.jpg\"><img fetchpriority=\"high\" decoding=\"async\" class=\"aligncenter wp-image-1132 size-full\" src=\"https:\/\/products.pap.com.vn\/wp-content\/uploads\/2026\/04\/May-rua-chen-cua-day-WinterHalter-P50-1.jpg\" alt=\" B\u1ebfp \u00c2u 4 h\u1ecdng c\u00f3 l\u00f2 n\u01b0\u1edbng\" width=\"625\" height=\"625\" srcset=\"https:\/\/products.pap.com.vn\/wp-content\/uploads\/2026\/04\/May-rua-chen-cua-day-WinterHalter-P50-1.jpg 625w, https:\/\/products.pap.com.vn\/wp-content\/uploads\/2026\/04\/May-rua-chen-cua-day-WinterHalter-P50-1-300x300.jpg 300w, https:\/\/products.pap.com.vn\/wp-content\/uploads\/2026\/04\/May-rua-chen-cua-day-WinterHalter-P50-1-150x150.jpg 150w, https:\/\/products.pap.com.vn\/wp-content\/uploads\/2026\/04\/May-rua-chen-cua-day-WinterHalter-P50-1-600x600.jpg 600w, https:\/\/products.pap.com.vn\/wp-content\/uploads\/2026\/04\/May-rua-chen-cua-day-WinterHalter-P50-1-100x100.jpg 100w, https:\/\/products.pap.com.vn\/wp-content\/uploads\/2026\/04\/May-rua-chen-cua-day-WinterHalter-P50-1-64x64.jpg 64w\" sizes=\"(max-width: 625px) 100vw, 625px\" \/><\/a><\/p>\n<p data-section-id=\"fxoh0u\" data-start=\"446\" data-end=\"518\"><span role=\"text\"><strong data-start=\"450\" data-end=\"518\">1. T\u00edch h\u1ee3p b\u1ebfp n\u1ea5u v\u00e0 l\u00f2 n\u01b0\u1edbng \u2013 T\u1ed1i \u01b0u kh\u00f4ng gian v\u00e0 c\u00f4ng n\u0103ng<\/strong><\/span><\/p>\n<p data-start=\"520\" data-end=\"666\">M\u1ed9t trong nh\u1eefng \u01b0u \u0111i\u1ec3m n\u1ed5i b\u1eadt c\u1ee7a thi\u1ebft b\u1ecb l\u00e0 thi\u1ebft k\u1ebf <strong data-start=\"577\" data-end=\"590\">2 trong 1<\/strong>, k\u1ebft h\u1ee3p gi\u1eefa b\u1ebfp n\u1ea5u v\u00e0 l\u00f2 n\u01b0\u1edbng trong c\u00f9ng m\u1ed9t h\u1ec7 th\u1ed1ng. \u0110i\u1ec1u n\u00e0y gi\u00fap:<\/p>\n<ul data-start=\"667\" data-end=\"837\">\n<li data-section-id=\"1neevhf\" data-start=\"667\" data-end=\"711\">Ti\u1ebft ki\u1ec7m di\u1ec7n t\u00edch b\u1ed1 tr\u00ed trong khu b\u1ebfp<\/li>\n<li data-section-id=\"8y2qni\" data-start=\"712\" data-end=\"778\">T\u0103ng hi\u1ec7u su\u1ea5t l\u00e0m vi\u1ec7c khi c\u00f3 th\u1ec3 ch\u1ebf bi\u1ebfn nhi\u1ec1u m\u00f3n c\u00f9ng l\u00fac<\/li>\n<li data-section-id=\"3fok6q\" data-start=\"779\" data-end=\"837\">T\u1ed1i \u01b0u quy tr\u00ecnh v\u1eadn h\u00e0nh, \u0111\u1eb7c bi\u1ec7t trong gi\u1edd cao \u0111i\u1ec3m<\/li>\n<\/ul>\n<p data-start=\"839\" data-end=\"936\">\u0110\u00e2y l\u00e0 gi\u1ea3i ph\u00e1p ph\u00f9 h\u1ee3p v\u1edbi c\u00e1c b\u1ebfp c\u00f3 y\u00eau c\u1ea7u cao v\u1ec1 hi\u1ec7u su\u1ea5t nh\u01b0ng v\u1eabn c\u1ea7n t\u1ed1i \u01b0u kh\u00f4ng gian.<\/p>\n<p data-start=\"839\" data-end=\"936\"><a href=\"https:\/\/products.pap.com.vn\/wp-content\/uploads\/2026\/04\/May-rua-chen-cua-day-WinterHalter-P50-2-1.jpg\"><img decoding=\"async\" class=\"aligncenter wp-image-1131 size-full\" src=\"https:\/\/products.pap.com.vn\/wp-content\/uploads\/2026\/04\/May-rua-chen-cua-day-WinterHalter-P50-2-1.jpg\" alt=\"B\u1ebfp \u00c2u 4 h\u1ecdng c\u00f3 l\u00f2 n\u01b0\u1edbng\" width=\"625\" height=\"625\" srcset=\"https:\/\/products.pap.com.vn\/wp-content\/uploads\/2026\/04\/May-rua-chen-cua-day-WinterHalter-P50-2-1.jpg 625w, https:\/\/products.pap.com.vn\/wp-content\/uploads\/2026\/04\/May-rua-chen-cua-day-WinterHalter-P50-2-1-300x300.jpg 300w, https:\/\/products.pap.com.vn\/wp-content\/uploads\/2026\/04\/May-rua-chen-cua-day-WinterHalter-P50-2-1-150x150.jpg 150w, https:\/\/products.pap.com.vn\/wp-content\/uploads\/2026\/04\/May-rua-chen-cua-day-WinterHalter-P50-2-1-600x600.jpg 600w, https:\/\/products.pap.com.vn\/wp-content\/uploads\/2026\/04\/May-rua-chen-cua-day-WinterHalter-P50-2-1-100x100.jpg 100w, https:\/\/products.pap.com.vn\/wp-content\/uploads\/2026\/04\/May-rua-chen-cua-day-WinterHalter-P50-2-1-64x64.jpg 64w\" sizes=\"(max-width: 625px) 100vw, 625px\" \/><\/a><\/p>\n<p data-section-id=\"1wg4nie\" data-start=\"943\" data-end=\"1007\"><span role=\"text\"><strong data-start=\"947\" data-end=\"1007\">2. C\u00f4ng su\u1ea5t m\u1ea1nh m\u1ebd, \u0111\u00e1p \u1ee9ng nhu c\u1ea7u n\u1ea5u n\u01b0\u1edbng li\u00ean t\u1ee5c<\/strong><\/span><\/p>\n<p data-start=\"1009\" data-end=\"1082\">V\u1edbi <strong data-start=\"1013\" data-end=\"1032\">c\u00f4ng su\u1ea5t 36 kW<\/strong>, b\u1ebfp cung c\u1ea5p ngu\u1ed3n nhi\u1ec7t l\u1edbn v\u00e0 \u1ed5n \u0111\u1ecbnh, gi\u00fap:<\/p>\n<ul data-start=\"1083\" data-end=\"1239\">\n<li data-section-id=\"1guhjl2\" data-start=\"1083\" data-end=\"1121\">R\u00fat ng\u1eafn th\u1eddi gian ch\u1ebf bi\u1ebfn m\u00f3n \u0103n<\/li>\n<li data-section-id=\"1myzwu8\" data-start=\"1122\" data-end=\"1189\">\u0110\u1ea3m b\u1ea3o nhi\u1ec7t l\u01b0\u1ee3ng \u0111\u1ec1u, h\u1ea1n ch\u1ebf t\u00ecnh tr\u1ea1ng ch\u00edn kh\u00f4ng \u0111\u1ed3ng \u0111\u1ec1u<\/li>\n<li data-section-id=\"1lrll7i\" data-start=\"1190\" data-end=\"1239\">Ph\u00f9 h\u1ee3p cho c\u00e1c b\u1ebfp c\u00f3 t\u1ea7n su\u1ea5t ho\u1ea1t \u0111\u1ed9ng cao<\/li>\n<\/ul>\n<p data-start=\"1241\" data-end=\"1347\">Kh\u1ea3 n\u0103ng duy tr\u00ec hi\u1ec7u su\u1ea5t \u1ed5n \u0111\u1ecbnh trong th\u1eddi gian d\u00e0i l\u00e0 y\u1ebfu t\u1ed1 quan tr\u1ecdng \u0111\u1ed1i v\u1edbi c\u00e1c b\u1ebfp chuy\u00ean nghi\u1ec7p.<\/p>\n<p data-section-id=\"1xre3g6\" data-start=\"1354\" data-end=\"1401\"><span role=\"text\"><strong data-start=\"1358\" data-end=\"1401\">3. L\u00f2 n\u01b0\u1edbng nhi\u1ec7t \u0111\u1ed9 r\u1ed9ng t\u1eeb 50 \u2013 300\u00b0C<\/strong><\/span><\/p>\n<p data-start=\"1403\" data-end=\"1505\">L\u00f2 n\u01b0\u1edbng \u0111\u01b0\u1ee3c thi\u1ebft k\u1ebf v\u1edbi d\u1ea3i nhi\u1ec7t \u0111\u1ed9 linh ho\u1ea1t, \u0111\u00e1p \u1ee9ng nhi\u1ec1u ph\u01b0\u01a1ng ph\u00e1p ch\u1ebf bi\u1ebfn kh\u00e1c nhau nh\u01b0:<\/p>\n<ul data-start=\"1506\" data-end=\"1631\">\n<li data-section-id=\"dkwyse\" data-start=\"1506\" data-end=\"1547\">N\u01b0\u1edbng b\u00e1nh, n\u01b0\u1edbng th\u1ecbt, n\u01b0\u1edbng h\u1ea3i s\u1ea3n<\/li>\n<li data-section-id=\"5ycx0p\" data-start=\"1548\" data-end=\"1570\">H\u00e2m n\u00f3ng th\u1ef1c ph\u1ea9m<\/li>\n<li data-section-id=\"9tq9x8\" data-start=\"1571\" data-end=\"1631\">Ch\u1ebf bi\u1ebfn c\u00e1c m\u00f3n \u00c2u y\u00eau c\u1ea7u ki\u1ec3m so\u00e1t nhi\u1ec7t \u0111\u1ed9 ch\u00ednh x\u00e1c<\/li>\n<\/ul>\n<p data-start=\"1633\" data-end=\"1718\">Ph\u1ea1m vi nhi\u1ec7t \u0111\u1ed9 r\u1ed9ng gi\u00fap thi\u1ebft b\u1ecb th\u00edch \u1ee9ng v\u1edbi nhi\u1ec1u lo\u1ea1i th\u1ef1c \u0111\u01a1n trong nh\u00e0 h\u00e0ng.<\/p>\n<p data-section-id=\"a9z2b3\" data-start=\"1725\" data-end=\"1793\"><span role=\"text\"><strong data-start=\"1729\" data-end=\"1793\">4. Ch\u1ea5t li\u1ec7u inox b\u1ec1n b\u1ec9, ph\u00f9 h\u1ee3p m\u00f4i tr\u01b0\u1eddng b\u1ebfp c\u00f4ng nghi\u1ec7p<\/strong><\/span><\/p>\n<p data-start=\"1795\" data-end=\"1814\">Thi\u1ebft b\u1ecb s\u1eed d\u1ee5ng:<\/p>\n<ul data-start=\"1815\" data-end=\"1964\">\n<li data-section-id=\"1v361sd\" data-start=\"1815\" data-end=\"1881\"><strong data-start=\"1817\" data-end=\"1837\">M\u1eb7t b\u1ebfp inox 304<\/strong>: ch\u1ed1ng \u0103n m\u00f2n, ch\u1ecbu nhi\u1ec7t t\u1ed1t, d\u1ec5 v\u1ec7 sinh<\/li>\n<li data-section-id=\"qp1bxq\" data-start=\"1882\" data-end=\"1964\"><strong data-start=\"1884\" data-end=\"1905\">Th\u00e2n b\u1ebfp inox 201<\/strong>: \u0111\u1ea3m b\u1ea3o \u0111\u1ed9 c\u1ee9ng v\u1eefng, ch\u1ecbu l\u1ef1c v\u00e0 t\u1ed1i \u01b0u chi ph\u00ed \u0111\u1ea7u t\u01b0<\/li>\n<\/ul>\n<p data-start=\"1966\" data-end=\"2061\">S\u1ef1 k\u1ebft h\u1ee3p v\u1eadt li\u1ec7u n\u00e0y gi\u00fap thi\u1ebft b\u1ecb duy tr\u00ec \u0111\u1ed9 b\u1ec1n cao trong m\u00f4i tr\u01b0\u1eddng l\u00e0m vi\u1ec7c kh\u1eafc nghi\u1ec7t.<\/p>\n<p data-section-id=\"e2fmvj\" data-start=\"2068\" data-end=\"2129\"><span role=\"text\"><strong data-start=\"2072\" data-end=\"2129\">5. H\u1ec7 th\u1ed1ng \u0111\u00e1nh l\u1eeda ti\u1ec7n l\u1ee3i v\u00e0 an to\u00e0n khi v\u1eadn h\u00e0nh<\/strong><\/span><\/p>\n<p data-start=\"2131\" data-end=\"2151\">B\u1ebfp \u0111\u01b0\u1ee3c trang b\u1ecb:<\/p>\n<ul data-start=\"2152\" data-end=\"2231\">\n<li data-section-id=\"1jb9jx4\" data-start=\"2152\" data-end=\"2186\">H\u1ec7 th\u1ed1ng \u0111\u00e1nh l\u1eeda b\u1eb1ng n\u00fat pin<\/li>\n<li data-section-id=\"12s86k1\" data-start=\"2187\" data-end=\"2231\">S\u00fang m\u1ed3i l\u1eeda h\u1ed7 tr\u1ee3 thao t\u00e1c nhanh ch\u00f3ng<\/li>\n<\/ul>\n<p data-start=\"2233\" data-end=\"2274\">Nh\u1eefng trang b\u1ecb n\u00e0y gi\u00fap ng\u01b0\u1eddi v\u1eadn h\u00e0nh:<\/p>\n<ul data-start=\"2275\" data-end=\"2354\">\n<li data-section-id=\"17j6lrk\" data-start=\"2275\" data-end=\"2298\">Kh\u1edfi \u0111\u1ed9ng b\u1ebfp nhanh<\/li>\n<li data-section-id=\"6mb2vz\" data-start=\"2299\" data-end=\"2313\">D\u1ec5 s\u1eed d\u1ee5ng<\/li>\n<li data-section-id=\"qo7ae3\" data-start=\"2314\" data-end=\"2354\">Gi\u1ea3m r\u1ee7i ro trong qu\u00e1 tr\u00ecnh v\u1eadn h\u00e0nh<\/li>\n<\/ul>\n<p data-start=\"2356\" data-end=\"2439\">\u0110\u00e2y l\u00e0 y\u1ebfu t\u1ed1 quan tr\u1ecdng trong m\u00f4i tr\u01b0\u1eddng b\u1ebfp c\u00f4ng nghi\u1ec7p c\u00f3 c\u01b0\u1eddng \u0111\u1ed9 l\u00e0m vi\u1ec7c cao.<\/p>\n<h3 data-start=\"2356\" data-end=\"2439\">T\u1ea1i sao n\u00ean ch\u1ecdn P.A.P l\u00e0 \u0111\u01a1n v\u1ecb cung c\u1ea5p thi\u1ebft b\u1ecb b\u1ebfp c\u00f4ng nghi\u1ec7p uy t\u00edn &#8211; b\u1ebfp \u00c2u 4 h\u1ecdng c\u00f3 l\u00f2 n\u01b0\u1edbng KingBetter XKE-RQB-700<\/h3>\n<p data-start=\"134\" data-end=\"472\">Trong qu\u00e1 tr\u00ecnh \u0111\u1ea7u t\u01b0 thi\u1ebft b\u1ecb b\u1ebfp c\u00f4ng nghi\u1ec7p, vi\u1ec7c l\u1ef1a ch\u1ecdn \u0111\u00fang \u0111\u01a1n v\u1ecb cung c\u1ea5p kh\u00f4ng ch\u1ec9 \u1ea3nh h\u01b0\u1edfng \u0111\u1ebfn ch\u1ea5t l\u01b0\u1ee3ng thi\u1ebft b\u1ecb m\u00e0 c\u00f2n quy\u1ebft \u0111\u1ecbnh hi\u1ec7u qu\u1ea3 v\u1eadn h\u00e0nh v\u00e0 chi ph\u00ed d\u00e0i h\u1ea1n. V\u1edbi nh\u1eefng d\u1ef1 \u00e1n b\u1ebfp chuy\u00ean nghi\u1ec7p, P.A.P \u0111\u01b0\u1ee3c nhi\u1ec1u kh\u00e1ch h\u00e0ng tin t\u01b0\u1edfng nh\u1edd n\u0103ng l\u1ef1c tri\u1ec3n khai th\u1ef1c t\u1ebf, kinh nghi\u1ec7m k\u1ef9 thu\u1eadt v\u00e0 d\u1ecbch v\u1ee5 h\u1eadu m\u00e3i r\u00f5 r\u00e0ng.<\/p>\n<p data-section-id=\"16kaux\" data-start=\"479\" data-end=\"537\"><span role=\"text\"><strong data-start=\"483\" data-end=\"537\">1. Kinh nghi\u1ec7m th\u1ef1c t\u1ebf trong ng\u00e0nh b\u1ebfp c\u00f4ng nghi\u1ec7p<\/strong><\/span><\/p>\n<p data-start=\"539\" data-end=\"671\">P<a href=\"http:\/\/ppa.com.vn\" target=\"_blank\" rel=\"noopener\">.A.P s\u1edf h\u1eefu nhi\u1ec1u n\u0103m kinh nghi\u1ec7m trong l\u0129nh v\u1ef1c thi\u1ebft k\u1ebf<\/a>, thi c\u00f4ng v\u00e0 cung c\u1ea5p thi\u1ebft b\u1ecb b\u1ebfp c\u00f4ng nghi\u1ec7p cho \u0111a d\u1ea1ng m\u00f4 h\u00ecnh nh\u01b0:<\/p>\n<ul data-start=\"672\" data-end=\"803\">\n<li data-section-id=\"dfd1u4\" data-start=\"672\" data-end=\"697\">Nh\u00e0 h\u00e0ng v\u00e0 kh\u00e1ch s\u1ea1n<\/li>\n<li data-section-id=\"1255xap\" data-start=\"698\" data-end=\"726\">Resort v\u00e0 khu ngh\u1ec9 d\u01b0\u1ee1ng<\/li>\n<li data-section-id=\"1t9e37t\" data-start=\"727\" data-end=\"764\">B\u1ebfp \u0103n c\u00f4ng nghi\u1ec7p, b\u1ebfp trung t\u00e2m<\/li>\n<li data-section-id=\"1sl7mij\" data-start=\"765\" data-end=\"803\">Qu\u1ea7y bar, b\u1ebfp \u00c2u \u2013 \u00c1 chuy\u00ean nghi\u1ec7p<\/li>\n<\/ul>\n<p data-start=\"805\" data-end=\"1094\">Nh\u1edd tr\u1ea3i qua nhi\u1ec1u d\u1ef1 \u00e1n v\u1edbi quy m\u00f4 kh\u00e1c nhau, \u0111\u1ed9i ng\u0169 k\u1ef9 thu\u1eadt hi\u1ec3u r\u00f5 \u0111\u1eb7c t\u00ednh t\u1eebng thi\u1ebft b\u1ecb, t\u1eeb \u0111\u00f3 t\u01b0 v\u1ea5n \u0111\u00fang model ph\u00f9 h\u1ee3p v\u1edbi nhu c\u1ea7u v\u1eadn h\u00e0nh th\u1ef1c t\u1ebf, \u0111i\u1ec3n h\u00ecnh nh\u01b0 <strong data-start=\"977\" data-end=\"1029\">B\u1ebfp \u00c2u 4 h\u1ecdng c\u00f3 l\u00f2 n\u01b0\u1edbng KingBetter XKE-RQB-700<\/strong> \u2013 thi\u1ebft b\u1ecb c\u1ea7n s\u1ef1 t\u00ednh to\u00e1n ch\u00ednh x\u00e1c v\u1ec1 c\u00f4ng su\u1ea5t v\u00e0 c\u00f4ng n\u0103ng.<\/p>\n<p data-section-id=\"1a2q2mo\" data-start=\"1101\" data-end=\"1169\"><span role=\"text\"><strong data-start=\"1105\" data-end=\"1169\">2. T\u01b0 v\u1ea5n \u0111\u00fang thi\u1ebft b\u1ecb \u2013 t\u1ed1i \u01b0u c\u00f4ng n\u0103ng v\u00e0 chi ph\u00ed \u0111\u1ea7u t\u01b0<\/strong><\/span><\/p>\n<p data-start=\"1171\" data-end=\"1277\">Kh\u00f4ng ph\u1ea3i thi\u1ebft b\u1ecb c\u00f3 c\u00f4ng su\u1ea5t l\u1edbn l\u00e0 l\u1ef1a ch\u1ecdn t\u1ed1t nh\u1ea5t. \u0110i\u1ec1u quan tr\u1ecdng l\u00e0 thi\u1ebft b\u1ecb ph\u1ea3i ph\u00f9 h\u1ee3p v\u1edbi:<\/p>\n<ul data-start=\"1278\" data-end=\"1346\">\n<li data-section-id=\"m7d135\" data-start=\"1278\" data-end=\"1292\">Quy m\u00f4 b\u1ebfp<\/li>\n<li data-section-id=\"k41hbo\" data-start=\"1293\" data-end=\"1313\">T\u1ea7n su\u1ea5t s\u1eed d\u1ee5ng<\/li>\n<li data-section-id=\"1nol8zy\" data-start=\"1314\" data-end=\"1346\">Th\u1ef1c \u0111\u01a1n v\u00e0 m\u00f4 h\u00ecnh v\u1eadn h\u00e0nh<\/li>\n<\/ul>\n<p data-start=\"1348\" data-end=\"1450\">P.A.P t\u1eadp trung v\u00e0o vi\u1ec7c ph\u00e2n t\u00edch nhu c\u1ea7u th\u1ef1c t\u1ebf c\u1ee7a kh\u00e1ch h\u00e0ng \u0111\u1ec3 \u0111\u01b0a ra gi\u1ea3i ph\u00e1p ph\u00f9 h\u1ee3p, gi\u00fap:<\/p>\n<ul data-start=\"1451\" data-end=\"1549\">\n<li data-section-id=\"7qe40a\" data-start=\"1451\" data-end=\"1484\">Tr\u00e1nh l\u00e3ng ph\u00ed chi ph\u00ed \u0111\u1ea7u t\u01b0<\/li>\n<li data-section-id=\"1769r1\" data-start=\"1485\" data-end=\"1523\">\u0110\u1ea3m b\u1ea3o hi\u1ec7u su\u1ea5t s\u1eed d\u1ee5ng thi\u1ebft b\u1ecb<\/li>\n<li data-section-id=\"1gpte0j\" data-start=\"1524\" data-end=\"1549\">T\u1ed1i \u01b0u kh\u00f4ng gian b\u1ebfp<\/li>\n<\/ul>\n<p data-start=\"1551\" data-end=\"1633\">\u0110\u00e2y l\u00e0 y\u1ebfu t\u1ed1 quan tr\u1ecdng khi l\u1ef1a ch\u1ecdn c\u00e1c thi\u1ebft b\u1ecb \u0111a n\u0103ng nh\u01b0 b\u1ebfp \u00c2u c\u00f3 l\u00f2 n\u01b0\u1edbng.<\/p>\n<p data-section-id=\"k6uuqk\" data-start=\"1640\" data-end=\"1690\"><span role=\"text\"><strong data-start=\"1644\" data-end=\"1690\">3. S\u1ea3n ph\u1ea9m ch\u00ednh h\u00e3ng, ch\u1ea5t l\u01b0\u1ee3ng \u1ed5n \u0111\u1ecbnh<\/strong><\/span><\/p>\n<p data-start=\"1692\" data-end=\"1889\">Thi\u1ebft b\u1ecb \u0111\u01b0\u1ee3c cung c\u1ea5p \u0111\u1ea3m b\u1ea3o ngu\u1ed3n g\u1ed1c r\u00f5 r\u00e0ng, \u0111\u00fang ti\u00eau chu\u1ea9n k\u1ef9 thu\u1eadt v\u00e0 ph\u00f9 h\u1ee3p v\u1edbi m\u00f4i tr\u01b0\u1eddng b\u1ebfp c\u00f4ng nghi\u1ec7p. V\u1edbi d\u00f2ng b\u1ebfp \u00c2u 4 h\u1ecdng c\u00f3 l\u00f2 n\u01b0\u1edbng, c\u00e1c ti\u00eau ch\u00ed k\u1ef9 thu\u1eadt quan tr\u1ecdng bao g\u1ed3m:<\/p>\n<ul data-start=\"1890\" data-end=\"2046\">\n<li data-section-id=\"1pvkjuj\" data-start=\"1890\" data-end=\"1926\">C\u00f4ng su\u1ea5t m\u1ea1nh, v\u1eadn h\u00e0nh \u1ed5n \u0111\u1ecbnh<\/li>\n<li data-section-id=\"kp2wdv\" data-start=\"1927\" data-end=\"1964\">Ch\u1ea5t li\u1ec7u inox b\u1ec1n b\u1ec9, d\u1ec5 v\u1ec7 sinh<\/li>\n<li data-section-id=\"2cztyn\" data-start=\"1965\" data-end=\"1994\">H\u1ec7 th\u1ed1ng \u0111\u00e1nh l\u1eeda an to\u00e0n<\/li>\n<li data-section-id=\"m2tzwo\" data-start=\"1995\" data-end=\"2046\">Kh\u1ea3 n\u0103ng ho\u1ea1t \u0111\u1ed9ng li\u00ean t\u1ee5c trong th\u1eddi gian d\u00e0i<\/li>\n<\/ul>\n<p data-start=\"2048\" data-end=\"2161\">Vi\u1ec7c cung c\u1ea5p \u0111\u00fang thi\u1ebft b\u1ecb \u0111\u1ea1t ti\u00eau chu\u1ea9n gi\u00fap gi\u1ea3m r\u1ee7i ro h\u1ecfng h\u00f3c v\u00e0 \u0111\u1ea3m b\u1ea3o ho\u1ea1t \u0111\u1ed9ng b\u1ebfp kh\u00f4ng b\u1ecb gi\u00e1n \u0111o\u1ea1n.<\/p>\n<p data-section-id=\"xbyawi\" data-start=\"2168\" data-end=\"2234\"><span role=\"text\"><strong data-start=\"2172\" data-end=\"2234\">4. \u0110\u1ed9i ng\u0169 k\u1ef9 thu\u1eadt chuy\u00ean m\u00f4n cao, tri\u1ec3n khai nhanh ch\u00f3ng<\/strong><\/span><\/p>\n<p data-start=\"2236\" data-end=\"2372\">M\u1ed9t trong nh\u1eefng l\u1ee3i th\u1ebf c\u1ee7a P.A.P l\u00e0 \u0111\u1ed9i ng\u0169 k\u1ef9 thu\u1eadt c\u00f3 kinh nghi\u1ec7m th\u1ef1c t\u1ebf trong l\u1eafp \u0111\u1eb7t v\u00e0 v\u1eadn h\u00e0nh b\u1ebfp c\u00f4ng nghi\u1ec7p. \u0110i\u1ec1u n\u00e0y gi\u00fap:<\/p>\n<ul data-start=\"2373\" data-end=\"2537\">\n<li data-section-id=\"1jk3gll\" data-start=\"2373\" data-end=\"2398\">L\u1eafp \u0111\u1eb7t \u0111\u00fang k\u1ef9 thu\u1eadt<\/li>\n<li data-section-id=\"1qoyrj0\" data-start=\"2399\" data-end=\"2439\">Ki\u1ec3m tra thi\u1ebft b\u1ecb tr\u01b0\u1edbc khi b\u00e0n giao<\/li>\n<li data-section-id=\"qv74m8\" data-start=\"2440\" data-end=\"2486\">H\u01b0\u1edbng d\u1eabn s\u1eed d\u1ee5ng chi ti\u1ebft cho nh\u00e2n s\u1ef1 b\u1ebfp<\/li>\n<li data-section-id=\"1vqgndi\" data-start=\"2487\" data-end=\"2537\">\u0110\u1ea3m b\u1ea3o thi\u1ebft b\u1ecb ho\u1ea1t \u0111\u1ed9ng \u1ed5n \u0111\u1ecbnh ngay t\u1eeb \u0111\u1ea7u<\/li>\n<\/ul>\n<p data-start=\"2539\" data-end=\"2674\">\u0110\u1ed1i v\u1edbi c\u00e1c thi\u1ebft b\u1ecb quan tr\u1ecdng nh\u01b0 b\u1ebfp \u00c2u c\u00f3 l\u00f2 n\u01b0\u1edbng, vi\u1ec7c l\u1eafp \u0111\u1eb7t \u0111\u00fang k\u1ef9 thu\u1eadt l\u00e0 y\u1ebfu t\u1ed1 then ch\u1ed1t \u0111\u1ec3 \u0111\u1ea3m b\u1ea3o an to\u00e0n v\u00e0 hi\u1ec7u su\u1ea5t.<\/p>\n<p data-section-id=\"1pk9vmf\" data-start=\"2681\" data-end=\"2727\"><span role=\"text\"><strong data-start=\"2685\" data-end=\"2727\">5. D\u1ecbch v\u1ee5 h\u1eadu m\u00e3i v\u00e0 b\u1ea3o h\u00e0nh r\u00f5 r\u00e0ng<\/strong><\/span><\/p>\n<p data-start=\"2729\" data-end=\"2833\">P.A.P cung c\u1ea5p ch\u00ednh s\u00e1ch b\u1ea3o h\u00e0nh minh b\u1ea1ch, h\u1ed7 tr\u1ee3 k\u1ef9 thu\u1eadt khi c\u1ea7n thi\u1ebft. \u0110i\u1ec1u n\u00e0y gi\u00fap kh\u00e1ch h\u00e0ng:<\/p>\n<ul data-start=\"2834\" data-end=\"2962\">\n<li data-section-id=\"c2331t\" data-start=\"2834\" data-end=\"2869\">Y\u00ean t\u00e2m trong qu\u00e1 tr\u00ecnh s\u1eed d\u1ee5ng<\/li>\n<li data-section-id=\"c0vt9w\" data-start=\"2870\" data-end=\"2905\">Gi\u1ea3m chi ph\u00ed s\u1eeda ch\u1eefa ph\u00e1t sinh<\/li>\n<li data-section-id=\"1k0naim\" data-start=\"2906\" data-end=\"2962\">\u0110\u1ea3m b\u1ea3o thi\u1ebft b\u1ecb lu\u00f4n trong t\u00ecnh tr\u1ea1ng ho\u1ea1t \u0111\u1ed9ng t\u1ed1t<\/li>\n<\/ul>\n<p data-start=\"2964\" data-end=\"3080\">V\u1edbi thi\u1ebft b\u1ecb b\u1ebfp c\u00f4ng nghi\u1ec7p, d\u1ecbch v\u1ee5 sau b\u00e1n h\u00e0ng l\u00e0 y\u1ebfu t\u1ed1 quy\u1ebft \u0111\u1ecbnh \u0111\u1ebfn tu\u1ed5i th\u1ecd v\u00e0 hi\u1ec7u qu\u1ea3 khai th\u00e1c thi\u1ebft b\u1ecb.<\/p>\n<p data-start=\"2146\" data-end=\"2311\" data-is-last-node=\"\" data-is-only-node=\"\">Tham kh\u1ea3o th\u00eam v\u1ec1 P.A.P th\u00f4ng qua c\u00e1c k\u00eanh:<\/p>\n<p>Facebook:\u00a0<a href=\"https:\/\/www.facebook.com\/PAPCommercialKitchenSupplier\" target=\"_blank\" rel=\"noopener\">Commercial Kitchen Equipment and stainless steel by PAP<\/a><\/p>\n<p>Pinterest:\u00a0<a href=\"https:\/\/www.pinterest.com\/PAPKITCHEN2025\/\" target=\"_blank\" rel=\"noopener\">C\u00f4ng Ty TNHH Th\u01b0\u01a1ng M\u1ea1i V\u00e0 D\u1ecbch V\u1ee5 P.A.P<\/a><\/p>\n","protected":false},"excerpt":{"rendered":"<p>B\u1ebfp \u00c2u 4 h\u1ecdng c\u00f3 l\u00f2 n\u01b0\u1edbng KingBetter XKE-RQB-700:<\/p>\n<ul>\n<li>C\u00f4ng su\u1ea5t 36kw<\/li>\n<li>Nhi\u1ec7t \u0111\u1ed9 l\u00f2 n\u01b0\u1edbng: 50 -300 \u0111\u1ed9<\/li>\n<li>S\u1ed1 h\u1ecdng: 6 h\u1ecdng<\/li>\n<li>M\u1eb7t inox 304, th\u00e2n Inox 201<\/li>\n<li>K\u00edch ho\u1ea1t l\u00f2 n\u01b0\u1edbng b\u1eb1ng n\u00fat pin<\/li>\n<li>C\u00f3 s\u00fang m\u1ed3i l\u1eeda<\/li>\n<\/ul>\n","protected":false},"featured_media":1130,"comment_status":"open","ping_status":"closed","template":"","meta":[],"product_brand":[25],"product_cat":[17,48],"product_tag":[],"class_list":{"0":"post-1111","1":"product","2":"type-product","3":"status-publish","4":"has-post-thumbnail","6":"product_brand-kingbetter","7":"product_cat-thiet-bi-bep","8":"product_cat-bep-au","10":"first","11":"instock","12":"taxable","13":"shipping-taxable","14":"purchasable","15":"product-type-simple"},"_links":{"self":[{"href":"https:\/\/products.pap.com.vn\/index.php?rest_route=\/wp\/v2\/product\/1111","targetHints":{"allow":["GET"]}}],"collection":[{"href":"https:\/\/products.pap.com.vn\/index.php?rest_route=\/wp\/v2\/product"}],"about":[{"href":"https:\/\/products.pap.com.vn\/index.php?rest_route=\/wp\/v2\/types\/product"}],"replies":[{"embeddable":true,"href":"https:\/\/products.pap.com.vn\/index.php?rest_route=%2Fwp%2Fv2%2Fcomments&post=1111"}],"version-history":[{"count":4,"href":"https:\/\/products.pap.com.vn\/index.php?rest_route=\/wp\/v2\/product\/1111\/revisions"}],"predecessor-version":[{"id":1136,"href":"https:\/\/products.pap.com.vn\/index.php?rest_route=\/wp\/v2\/product\/1111\/revisions\/1136"}],"wp:featuredmedia":[{"embeddable":true,"href":"https:\/\/products.pap.com.vn\/index.php?rest_route=\/wp\/v2\/media\/1130"}],"wp:attachment":[{"href":"https:\/\/products.pap.com.vn\/index.php?rest_route=%2Fwp%2Fv2%2Fmedia&parent=1111"}],"wp:term":[{"taxonomy":"product_brand","embeddable":true,"href":"https:\/\/products.pap.com.vn\/index.php?rest_route=%2Fwp%2Fv2%2Fproduct_brand&post=1111"},{"taxonomy":"product_cat","embeddable":true,"href":"https:\/\/products.pap.com.vn\/index.php?rest_route=%2Fwp%2Fv2%2Fproduct_cat&post=1111"},{"taxonomy":"product_tag","embeddable":true,"href":"https:\/\/products.pap.com.vn\/index.php?rest_route=%2Fwp%2Fv2%2Fproduct_tag&post=1111"}],"curies":[{"name":"wp","href":"https:\/\/api.w.org\/{rel}","templated":true}]}}