{"id":1222,"date":"2026-04-23T08:10:15","date_gmt":"2026-04-23T08:10:15","guid":{"rendered":"https:\/\/products.pap.com.vn\/?post_type=product&#038;p=1222"},"modified":"2026-04-23T08:11:55","modified_gmt":"2026-04-23T08:11:55","slug":"ban-mat-3-cua-truoc-1m8-finocool","status":"publish","type":"product","link":"https:\/\/products.pap.com.vn\/?product=ban-mat-3-cua-truoc-1m8-finocool","title":{"rendered":"B\u00e0n m\u00e1t 3 c\u1eeda tr\u01b0\u1edbc 1m8 FinoCool FN-UC1800"},"content":{"rendered":"<p>B\u00e0n m\u00e1t 3 c\u1eeda tr\u01b0\u1edbc 1m8 FinoCool FN-UC1800 l\u00e0 thi\u1ebft b\u1ecb b\u1ea3o qu\u1ea3n th\u1ef1c ph\u1ea9m t\u01b0\u01a1i trong m\u00f4i tr\u01b0\u1eddng b\u1ebfp c\u00f4ng nghi\u1ec7p, \u0111\u1ed3ng th\u1eddi t\u00edch h\u1ee3p m\u1eb7t b\u00e0n inox ph\u1ee5c v\u1ee5 s\u01a1 ch\u1ebf v\u00e0 ch\u1ebf bi\u1ebfn tr\u1ef1c ti\u1ebfp. V\u1edbi dung t\u00edch kho\u1ea3ng 440 l\u00edt, d\u1ea3i nhi\u1ec7t \u0111\u1ed9 \u1ed5n \u0111\u1ecbnh t\u1eeb 2 ~ 10\u00b0C v\u00e0 thi\u1ebft k\u1ebf 3 c\u00e1nh ti\u1ec7n d\u1ee5ng, thi\u1ebft b\u1ecb gi\u00fap t\u1ed1i \u01b0u kh\u00f4ng gian l\u00e0m vi\u1ec7c, \u0111\u1ea3m b\u1ea3o nguy\u00ean li\u1ec7u lu\u00f4n s\u1eb5n s\u00e0ng cho qu\u00e1 tr\u00ecnh ch\u1ebf bi\u1ebfn li\u00ean t\u1ee5c trong nh\u00e0 h\u00e0ng, kh\u00e1ch s\u1ea1n v\u00e0 b\u1ebfp \u0103n c\u00f4ng nghi\u1ec7p.<\/p>\n<h1>Th\u00f4ng s\u1ed1 k\u1ef9 thu\u1eadt B\u00e0n m\u00e1t 3 c\u1eeda tr\u01b0\u1edbc 1m8 FinoCool FN-UC1800:<\/h1>\n<table>\n<thead>\n<tr>\n<th><strong>Th\u00f4ng s\u1ed1<\/strong><\/th>\n<th><strong>Gi\u00e1 tr\u1ecb<\/strong><\/th>\n<\/tr>\n<\/thead>\n<tbody>\n<tr>\n<td><strong>Model<\/strong><\/td>\n<td>FN-UC1800<\/td>\n<\/tr>\n<tr>\n<td><strong>K\u00edch th\u01b0\u1edbc (mm)<\/strong><\/td>\n<td>1800 x 700 x 850<\/td>\n<\/tr>\n<tr>\n<td><strong>\u0110i\u1ec7n \u00e1p (V\/Hz)<\/strong><\/td>\n<td>220 ~ 50<\/td>\n<\/tr>\n<tr>\n<td><strong>C\u00f4ng su\u1ea5t (W)<\/strong><\/td>\n<td>260<\/td>\n<\/tr>\n<tr>\n<td><strong>Dung t\u00edch (L)<\/strong><\/td>\n<td>440<\/td>\n<\/tr>\n<tr>\n<td><strong>Nhi\u1ec7t \u0111\u1ed9 (\u00b0C)<\/strong><\/td>\n<td>2 ~ 10<\/td>\n<\/tr>\n<tr>\n<td><strong>X\u1ea3 \u0111\u00f4ng<\/strong><\/td>\n<td>T\u1ef1 \u0111\u1ed9ng (Automatic)<\/td>\n<\/tr>\n<tr>\n<td><strong>S\u1ed1 c\u00e1nh c\u1eeda<\/strong><\/td>\n<td>3 c\u00e1nh<\/td>\n<\/tr>\n<tr>\n<td><strong>M\u00e1y n\u00e9n<\/strong><\/td>\n<td>Embraco<\/td>\n<\/tr>\n<tr>\n<td><strong>B\u1ed9 \u0111i\u1ec1u khi\u1ec3n<\/strong><\/td>\n<td>Dixell<\/td>\n<\/tr>\n<tr>\n<td><strong>M\u00f4i ch\u1ea5t l\u1ea1nh<\/strong><\/td>\n<td>R290<\/td>\n<\/tr>\n<\/tbody>\n<\/table>\n<p><a href=\"http:\/\/products.pap.com.vn\/\">T\u00ecm hi\u1ec3u th\u00eam c\u00e1c s\u1ea3n ph\u1ea9m ch\u00fang t\u00f4i t\u1ea1i \u0111\u00e2y<\/a><\/p>\n<figure id=\"attachment_1224\" aria-describedby=\"caption-attachment-1224\" style=\"width: 750px\" class=\"wp-caption aligncenter\"><a href=\"https:\/\/products.pap.com.vn\/wp-content\/uploads\/2026\/04\/Tu-mat-cong-nghiep-4-canh-2-1.jpg\"><img fetchpriority=\"high\" decoding=\"async\" class=\"wp-image-1224 size-full\" src=\"https:\/\/products.pap.com.vn\/wp-content\/uploads\/2026\/04\/Tu-mat-cong-nghiep-4-canh-2-1.jpg\" alt=\"B\u00e0n m\u00e1t 3 c\u1eeda tr\u01b0\u1edbc 1m8 FinoCool FN-UC1800\" width=\"750\" height=\"750\" srcset=\"https:\/\/products.pap.com.vn\/wp-content\/uploads\/2026\/04\/Tu-mat-cong-nghiep-4-canh-2-1.jpg 750w, https:\/\/products.pap.com.vn\/wp-content\/uploads\/2026\/04\/Tu-mat-cong-nghiep-4-canh-2-1-300x300.jpg 300w, https:\/\/products.pap.com.vn\/wp-content\/uploads\/2026\/04\/Tu-mat-cong-nghiep-4-canh-2-1-150x150.jpg 150w, https:\/\/products.pap.com.vn\/wp-content\/uploads\/2026\/04\/Tu-mat-cong-nghiep-4-canh-2-1-600x600.jpg 600w, https:\/\/products.pap.com.vn\/wp-content\/uploads\/2026\/04\/Tu-mat-cong-nghiep-4-canh-2-1-100x100.jpg 100w, https:\/\/products.pap.com.vn\/wp-content\/uploads\/2026\/04\/Tu-mat-cong-nghiep-4-canh-2-1-64x64.jpg 64w\" sizes=\"(max-width: 750px) 100vw, 750px\" \/><\/a><figcaption id=\"caption-attachment-1224\" class=\"wp-caption-text\">B\u00e0n m\u00e1t 3 c\u1eeda tr\u01b0\u1edbc 1m8 FinoCool FN-UC1800<\/figcaption><\/figure>\n<h2 data-section-id=\"yx6o45\" data-start=\"694\" data-end=\"756\">\u01afu \u0111i\u1ec3m c\u1ee7a b\u00e0n m\u00e1t 3 c\u1eeda 1m8 FinoCool FN-UC1800<\/h2>\n<p data-section-id=\"gigm9p\" data-start=\"758\" data-end=\"805\"><span style=\"text-decoration: underline;\"><em><strong>T\u00edch h\u1ee3p hai ch\u1ee9c n\u0103ng trong m\u1ed9t thi\u1ebft b\u1ecb<\/strong><\/em><\/span><\/p>\n<p data-start=\"806\" data-end=\"1004\">B\u00e0n m\u00e1t v\u1eeba l\u00e0 thi\u1ebft b\u1ecb l\u01b0u tr\u1eef th\u1ef1c ph\u1ea9m, v\u1eeba \u0111\u00f3ng vai tr\u00f2 nh\u01b0 m\u1ed9t b\u00e0n thao t\u00e1c trong khu b\u1ebfp. Thi\u1ebft k\u1ebf n\u00e0y gi\u00fap ti\u1ebft ki\u1ec7m di\u1ec7n t\u00edch, gi\u1ea3m s\u1ed1 l\u01b0\u1ee3ng thi\u1ebft b\u1ecb c\u1ea7n b\u1ed1 tr\u00ed v\u00e0 t\u1ed1i \u01b0u quy tr\u00ecnh l\u00e0m vi\u1ec7c.<\/p>\n<p data-section-id=\"1t98tb1\" data-start=\"1006\" data-end=\"1070\"><em><span style=\"text-decoration: underline;\"><strong>Dung t\u00edch l\u1edbn, ph\u00f9 h\u1ee3p cho khu b\u1ebfp c\u00f3 t\u1ea7n su\u1ea5t s\u1eed d\u1ee5ng cao<\/strong><\/span><\/em><\/p>\n<p data-start=\"1071\" data-end=\"1311\">V\u1edbi dung t\u00edch 440 l\u00edt v\u00e0 c\u1ea5u tr\u00fac 3 c\u00e1nh, thi\u1ebft b\u1ecb cho ph\u00e9p l\u01b0u tr\u1eef \u0111a d\u1ea1ng nguy\u00ean li\u1ec7u nh\u01b0 rau c\u1ee7, th\u1ecbt, h\u1ea3i s\u1ea3n ho\u1eb7c th\u1ef1c ph\u1ea9m s\u01a1 ch\u1ebf. Kh\u00f4ng gian l\u01b0u tr\u1eef \u0111\u01b0\u1ee3c ph\u00e2n chia h\u1ee3p l\u00fd, thu\u1eadn ti\u1ec7n cho vi\u1ec7c ki\u1ec3m so\u00e1t t\u1ed3n kho v\u00e0 s\u1eed d\u1ee5ng nguy\u00ean li\u1ec7u.<\/p>\n<p data-section-id=\"qxv2d2\" data-start=\"1313\" data-end=\"1363\"><em><span style=\"text-decoration: underline;\"><strong>Nhi\u1ec7t \u0111\u1ed9 \u1ed5n \u0111\u1ecbnh, b\u1ea3o qu\u1ea3n th\u1ef1c ph\u1ea9m an to\u00e0n<\/strong><\/span><\/em><\/p>\n<p data-start=\"1364\" data-end=\"1590\">D\u1ea3i nhi\u1ec7t \u0111\u1ed9 t\u1eeb 2 ~ 10\u00b0C \u0111\u00e1p \u1ee9ng ti\u00eau chu\u1ea9n b\u1ea3o qu\u1ea3n th\u1ef1c ph\u1ea9m t\u01b0\u01a1i trong m\u00f4i tr\u01b0\u1eddng b\u1ebfp c\u00f4ng nghi\u1ec7p. Kh\u1ea3 n\u0103ng duy tr\u00ec nhi\u1ec7t \u0111\u1ed9 \u1ed5n \u0111\u1ecbnh gi\u00fap h\u1ea1n ch\u1ebf hao h\u1ee5t nguy\u00ean li\u1ec7u v\u00e0 \u0111\u1ea3m b\u1ea3o ch\u1ea5t l\u01b0\u1ee3ng th\u1ef1c ph\u1ea9m trong qu\u00e1 tr\u00ecnh v\u1eadn h\u00e0nh.<\/p>\n<p data-section-id=\"7l8ahs\" data-start=\"1592\" data-end=\"1646\"><span style=\"text-decoration: underline;\"><em><strong>Linh ki\u1ec7n ti\u00eau chu\u1ea9n ng\u00e0nh l\u1ea1nh, v\u1eadn h\u00e0nh b\u1ec1n b\u1ec9<\/strong><\/em><\/span><\/p>\n<p data-start=\"1647\" data-end=\"1929\">Thi\u1ebft b\u1ecb s\u1eed d\u1ee5ng m\u00e1y n\u00e9n t\u1eeb <span class=\"hover:entity-accent entity-underline inline cursor-pointer align-baseline\"><span class=\"whitespace-normal\">Embraco<\/span><\/span> v\u00e0 b\u1ed9 \u0111i\u1ec1u khi\u1ec3n nhi\u1ec7t \u0111\u1ed9 t\u1eeb <span class=\"hover:entity-accent entity-underline inline cursor-pointer align-baseline\"><span class=\"whitespace-normal\">Dixell<\/span><\/span>, l\u00e0 c\u00e1c th\u01b0\u01a1ng hi\u1ec7u linh ki\u1ec7n ph\u1ed5 bi\u1ebfn trong thi\u1ebft b\u1ecb l\u1ea1nh B\u00e0n m\u00e1t 3 c\u1eeda tr\u01b0\u1edbc 1m8 FinoCool FN-UC1800 th\u01b0\u01a1ng m\u1ea1i. \u0110i\u1ec1u n\u00e0y gi\u00fap \u0111\u1ea3m b\u1ea3o \u0111\u1ed9 \u1ed5n \u0111\u1ecbnh trong v\u1eadn h\u00e0nh v\u00e0 thu\u1eadn l\u1ee3i cho vi\u1ec7c b\u1ea3o tr\u00ec.<\/p>\n<p data-section-id=\"4p7lxb\" data-start=\"1931\" data-end=\"2011\"><em><span style=\"text-decoration: underline;\"><strong>Thi\u1ebft k\u1ebf inox c\u00f4ng nghi\u1ec7p, d\u1ec5 v\u1ec7 sinh v\u00e0 \u0111\u1ea3m b\u1ea3o v\u1ec7 sinh an to\u00e0n th\u1ef1c ph\u1ea9m<\/strong><\/span><\/em><\/p>\n<p data-start=\"2012\" data-end=\"2194\">To\u00e0n b\u1ed9 th\u00e2n v\u1ecf \u0111\u01b0\u1ee3c ch\u1ebf t\u1ea1o t\u1eeb inox, ph\u00f9 h\u1ee3p v\u1edbi m\u00f4i tr\u01b0\u1eddng b\u1ebfp c\u00f3 \u0111\u1ed9 \u1ea9m cao v\u00e0 y\u00eau c\u1ea7u v\u1ec7 sinh th\u01b0\u1eddng xuy\u00ean. B\u1ec1 m\u1eb7t ph\u1eb3ng gi\u00fap vi\u1ec7c v\u1ec7 sinh nhanh ch\u00f3ng v\u00e0 h\u1ea1n ch\u1ebf t\u00edch t\u1ee5 vi khu\u1ea9n.<\/p>\n<h2 data-section-id=\"1x84el8\" data-start=\"2201\" data-end=\"2255\">\u1ee8ng d\u1ee5ng c\u1ee7a b\u00e0n m\u00e1t c\u00f4ng nghi\u1ec7p theo m\u00f4 h\u00ecnh b\u1ebfp B\u00e0n m\u00e1t 3 c\u1eeda tr\u01b0\u1edbc 1m8 FinoCool FN-UC1800<\/h2>\n<p data-section-id=\"1u397f5\" data-start=\"2257\" data-end=\"2282\"><em><span style=\"text-decoration: underline;\"><strong>Nh\u00e0 h\u00e0ng v\u00e0 qu\u00e1n \u0103n<\/strong><\/span><\/em><\/p>\n<p data-start=\"2283\" data-end=\"2488\">B\u00e0n m\u00e1t 3 c\u1eeda tr\u01b0\u1edbc 1m8 FinoCool FN-UC1800 \u0111\u01b0\u1ee3c \u0111\u1eb7t t\u1ea1i khu s\u01a1 ch\u1ebf ho\u1eb7c line ch\u1ebf bi\u1ebfn \u0111\u1ec3 l\u01b0u tr\u1eef nguy\u00ean li\u1ec7u s\u1eed d\u1ee5ng trong ng\u00e0y. Vi\u1ec7c b\u1ed1 tr\u00ed thi\u1ebft b\u1ecb ngay t\u1ea1i v\u1ecb tr\u00ed thao t\u00e1c gi\u00fap r\u00fat ng\u1eafn th\u1eddi gian di chuy\u1ec3n v\u00e0 n\u00e2ng cao hi\u1ec7u su\u1ea5t l\u00e0m vi\u1ec7c.<\/p>\n<figure id=\"attachment_1223\" aria-describedby=\"caption-attachment-1223\" style=\"width: 750px\" class=\"wp-caption aligncenter\"><a href=\"https:\/\/products.pap.com.vn\/wp-content\/uploads\/2026\/04\/tu-dong-cong-nghiep-6-canh-1.jpg\"><img decoding=\"async\" class=\"wp-image-1223 size-full\" src=\"https:\/\/products.pap.com.vn\/wp-content\/uploads\/2026\/04\/tu-dong-cong-nghiep-6-canh-1.jpg\" alt=\"B\u00e0n m\u00e1t 3 c\u1eeda tr\u01b0\u1edbc 1m8 FinoCool FN-UC1800\" width=\"750\" height=\"750\" srcset=\"https:\/\/products.pap.com.vn\/wp-content\/uploads\/2026\/04\/tu-dong-cong-nghiep-6-canh-1.jpg 750w, https:\/\/products.pap.com.vn\/wp-content\/uploads\/2026\/04\/tu-dong-cong-nghiep-6-canh-1-300x300.jpg 300w, https:\/\/products.pap.com.vn\/wp-content\/uploads\/2026\/04\/tu-dong-cong-nghiep-6-canh-1-150x150.jpg 150w, https:\/\/products.pap.com.vn\/wp-content\/uploads\/2026\/04\/tu-dong-cong-nghiep-6-canh-1-600x600.jpg 600w, https:\/\/products.pap.com.vn\/wp-content\/uploads\/2026\/04\/tu-dong-cong-nghiep-6-canh-1-100x100.jpg 100w, https:\/\/products.pap.com.vn\/wp-content\/uploads\/2026\/04\/tu-dong-cong-nghiep-6-canh-1-64x64.jpg 64w\" sizes=\"(max-width: 750px) 100vw, 750px\" \/><\/a><figcaption id=\"caption-attachment-1223\" class=\"wp-caption-text\">B\u00e0n m\u00e1t 3 c\u1eeda tr\u01b0\u1edbc 1m8 FinoCool FN-UC1800<\/figcaption><\/figure>\n<p data-section-id=\"gb54q6\" data-start=\"2490\" data-end=\"2519\"><em><span style=\"text-decoration: underline;\"><strong>Kh\u00e1ch s\u1ea1n v\u00e0 b\u1ebfp buffet<\/strong><\/span><\/em><\/p>\n<p data-start=\"2520\" data-end=\"2700\">B\u00e0n m\u00e1t 1m8 &#8211; Thi\u1ebft b\u1ecb \u0111\u01b0\u1ee3c s\u1eed d\u1ee5ng \u0111\u1ec3 b\u1ea3o qu\u1ea3n nguy\u00ean li\u1ec7u t\u01b0\u01a1i ho\u1eb7c th\u1ef1c ph\u1ea9m \u0111\u00e3 s\u01a1 ch\u1ebf tr\u01b0\u1edbc khi \u0111\u01b0a ra ph\u1ee5c v\u1ee5. \u0110i\u1ec1u n\u00e0y gi\u00fap \u0111\u1ea3m b\u1ea3o ch\u1ea5t l\u01b0\u1ee3ng m\u00f3n \u0103n v\u00e0 duy tr\u00ec quy tr\u00ecnh ph\u1ee5c v\u1ee5 li\u00ean t\u1ee5c.<\/p>\n<p data-section-id=\"1wxomgt\" data-start=\"2702\" data-end=\"2745\"><span style=\"text-decoration: underline;\"><em><strong>B\u1ebfp \u0103n c\u00f4ng nghi\u1ec7p v\u00e0 su\u1ea5t \u0103n t\u1eadp th\u1ec3- B\u00e0n m\u00e1t 3 c\u1eeda tr\u01b0\u1edbc 1m8 FinoCool FN-UC1800<\/strong><\/em><\/span><\/p>\n<p data-start=\"2746\" data-end=\"2929\">B\u00e0n m\u00e1t \u0111\u00f3ng vai tr\u00f2 l\u00e0 khu v\u1ef1c l\u01b0u tr\u1eef nguy\u00ean li\u1ec7u trung gian trong d\u00e2y chuy\u1ec1n ch\u1ebf bi\u1ebfn. Dung t\u00edch l\u1edbn gi\u00fap \u0111\u00e1p \u1ee9ng nhu c\u1ea7u s\u1eed d\u1ee5ng nguy\u00ean li\u1ec7u v\u1edbi s\u1ed1 l\u01b0\u1ee3ng l\u1edbn trong th\u1eddi gian ng\u1eafn.<\/p>\n<p data-section-id=\"1dcrc6s\" data-start=\"2931\" data-end=\"2961\"><em><span style=\"text-decoration: underline;\"><strong>C\u01a1 s\u1edf ch\u1ebf bi\u1ebfn th\u1ef1c ph\u1ea9m<\/strong><\/span><\/em><\/p>\n<p data-start=\"2962\" data-end=\"3137\">Thi\u1ebft b\u1ecb ph\u00f9 h\u1ee3p cho c\u00e1c c\u01a1 s\u1edf s\u1ea3n xu\u1ea5t th\u1ef1c ph\u1ea9m c\u1ea7n l\u01b0u tr\u1eef nguy\u00ean li\u1ec7u ngay t\u1ea1i khu v\u1ef1c thao t\u00e1c. \u0110i\u1ec1u n\u00e0y gi\u00fap ki\u1ec3m so\u00e1t quy tr\u00ecnh s\u1ea3n xu\u1ea5t v\u00e0 \u0111\u1ea3m b\u1ea3o ch\u1ea5t l\u01b0\u1ee3ng s\u1ea3n ph\u1ea9m.<\/p>\n<h2 data-section-id=\"1is11qq\" data-start=\"3144\" data-end=\"3212\">T\u1ea1i sao n\u00ean ch\u1ecdn P.A.P khi mua thi\u1ebft b\u1ecb l\u1ea1nh c\u00f4ng nghi\u1ec7p v\u00e0 b\u1ebfp c\u00f4ng nghi\u1ec7p<\/h2>\n<p data-section-id=\"z9layp\" data-start=\"3214\" data-end=\"3274\"><em><span style=\"text-decoration: underline;\"><strong>Kinh nghi\u1ec7m tri\u1ec3n khai th\u1ef1c t\u1ebf trong nhi\u1ec1u m\u00f4 h\u00ecnh b\u1ebfp<\/strong><\/span><\/em><\/p>\n<p data-start=\"3275\" data-end=\"3525\">P.A.P l\u00e0 \u0111\u01a1n v\u1ecb chuy\u00ean cung c\u1ea5p v\u00e0 l\u1eafp \u0111\u1eb7t thi\u1ebft b\u1ecb b\u1ebfp c\u00f4ng nghi\u1ec7p cho nhi\u1ec1u lo\u1ea1i h\u00ecnh kinh doanh nh\u01b0 nh\u00e0 h\u00e0ng, kh\u00e1ch s\u1ea1n, b\u1ebfp \u0103n t\u1eadp th\u1ec3 v\u00e0 c\u01a1 s\u1edf ch\u1ebf bi\u1ebfn th\u1ef1c ph\u1ea9m. Kinh nghi\u1ec7m th\u1ef1c t\u1ebf gi\u00fap l\u1ef1a ch\u1ecdn thi\u1ebft b\u1ecb ph\u00f9 h\u1ee3p v\u1edbi quy m\u00f4 v\u00e0 nhu c\u1ea7u v\u1eadn h\u00e0nh.<\/p>\n<p data-section-id=\"x7ootl\" data-start=\"3527\" data-end=\"3593\"><em><span style=\"text-decoration: underline;\"><strong>Cung c\u1ea5p gi\u1ea3i ph\u00e1p thi\u1ebft b\u1ecb \u0111\u1ed3ng b\u1ed9 cho to\u00e0n b\u1ed9 h\u1ec7 th\u1ed1ng b\u1ebfp<\/strong><\/span><\/em><\/p>\n<p data-start=\"3594\" data-end=\"3842\">Ngo\u00e0i thi\u1ebft b\u1ecb l\u1ea1nh, P.A.P cung c\u1ea5p \u0111\u1ea7y \u0111\u1ee7 c\u00e1c nh\u00f3m thi\u1ebft b\u1ecb b\u1ebfp c\u00f4ng nghi\u1ec7p nh\u01b0 thi\u1ebft b\u1ecb n\u1ea5u, thi\u1ebft b\u1ecb inox, h\u1ec7 th\u1ed1ng h\u00fat kh\u00f3i v\u00e0 b\u1ed1 tr\u00ed m\u1eb7t b\u1eb1ng b\u1ebfp. Vi\u1ec7c cung c\u1ea5p \u0111\u1ed3ng b\u1ed9 gi\u00fap \u0111\u1ea3m b\u1ea3o s\u1ef1 t\u01b0\u01a1ng th\u00edch gi\u1eefa c\u00e1c thi\u1ebft b\u1ecb v\u00e0 t\u1ed1i \u01b0u hi\u1ec7u qu\u1ea3 v\u1eadn h\u00e0nh.<\/p>\n<p data-section-id=\"1ycnce3\" data-start=\"3844\" data-end=\"3907\"><em><span style=\"text-decoration: underline;\"><strong>T\u01b0 v\u1ea5n l\u1ef1a ch\u1ecdn thi\u1ebft b\u1ecb d\u1ef1a tr\u00ean nhu c\u1ea7u s\u1eed d\u1ee5ng th\u1ef1c t\u1ebf<\/strong><\/span><\/em><\/p>\n<p data-start=\"3908\" data-end=\"4140\">P.A.P th\u1ef1c hi\u1ec7n kh\u1ea3o s\u00e1t nhu c\u1ea7u s\u1eed d\u1ee5ng tr\u01b0\u1edbc khi \u0111\u1ec1 xu\u1ea5t thi\u1ebft b\u1ecb, d\u1ef1a tr\u00ean c\u00e1c y\u1ebfu t\u1ed1 nh\u01b0 quy m\u00f4 b\u1ebfp, c\u00f4ng su\u1ea5t ph\u1ee5c v\u1ee5 v\u00e0 t\u1ea7n su\u1ea5t v\u1eadn h\u00e0nh. \u0110i\u1ec1u n\u00e0y gi\u00fap kh\u00e1ch h\u00e0ng \u0111\u1ea7u t\u01b0 \u0111\u00fang thi\u1ebft b\u1ecb ngay t\u1eeb \u0111\u1ea7u v\u00e0 h\u1ea1n ch\u1ebf ph\u00e1t sinh chi ph\u00ed.<\/p>\n<p data-section-id=\"ya1jfb\" data-start=\"4142\" data-end=\"4199\"><em><span style=\"text-decoration: underline;\"><strong>H\u1ed7 tr\u1ee3 k\u1ef9 thu\u1eadt v\u00e0 b\u1ea3o h\u00e0nh trong qu\u00e1 tr\u00ecnh s\u1eed d\u1ee5ng<\/strong><\/span><\/em><\/p>\n<p data-start=\"4200\" data-end=\"4347\">\u0110\u1ed9i ng\u0169 k\u1ef9 thu\u1eadt s\u1eb5n s\u00e0ng h\u1ed7 tr\u1ee3 l\u1eafp \u0111\u1eb7t, h\u01b0\u1edbng d\u1eabn v\u1eadn h\u00e0nh v\u00e0 b\u1ea3o tr\u00ec thi\u1ebft b\u1ecb, gi\u00fap h\u1ec7 th\u1ed1ng b\u1ebfp ho\u1ea1t \u0111\u1ed9ng \u1ed5n \u0111\u1ecbnh v\u00e0 duy tr\u00ec hi\u1ec7u su\u1ea5t l\u00e2u d\u00e0i. <a href=\"https:\/\/pap.com.vn\/chinh-sach-bao-hanh-hau-mai\/\" target=\"_blank\" rel=\"noopener\">Tham kh\u1ea3o chi ti\u1ebft ch\u00ednh s\u00e1ch b\u1ea3o h\u00e0nh b\u1ea3o tr\u00ec thi\u1ebft b\u1ecb t\u1ea1i \u0111\u00e2y<\/a><\/p>\n<h2 data-section-id=\"12ful85\" data-start=\"4354\" data-end=\"4390\">Li\u00ean h\u1ec7 \u0111\u1ec3 \u0111\u01b0\u1ee3c t\u01b0 v\u1ea5n chi ti\u1ebft<\/h2>\n<p data-start=\"4392\" data-end=\"4634\">N\u1ebfu doanh nghi\u1ec7p \u0111ang t\u00ecm ki\u1ebfm thi\u1ebft b\u1ecb b\u1ea3o qu\u1ea3n th\u1ef1c ph\u1ea9m k\u1ebft h\u1ee3p b\u00e0n thao t\u00e1c trong khu b\u1ebfp, <strong data-start=\"4487\" data-end=\"4536\">b\u00e0n m\u00e1t c\u00f4ng nghi\u1ec7p 3 c\u00e1nh FinoCool FN-UC1800<\/strong> l\u00e0 gi\u1ea3i ph\u00e1p ph\u00f9 h\u1ee3p cho c\u00e1c m\u00f4 h\u00ecnh b\u1ebfp y\u00eau c\u1ea7u t\u00ednh linh ho\u1ea1t, \u0111\u1ed9 \u1ed5n \u0111\u1ecbnh v\u00e0 hi\u1ec7u qu\u1ea3 v\u1eadn h\u00e0nh.<\/p>\n<p data-start=\"4636\" data-end=\"4769\" data-is-last-node=\"\" data-is-only-node=\"\">Li\u00ean h\u1ec7 v\u1edbi P.A.P \u0111\u1ec3 \u0111\u01b0\u1ee3c t\u01b0 v\u1ea5n l\u1ef1a ch\u1ecdn thi\u1ebft b\u1ecb ph\u00f9 h\u1ee3p v\u1edbi quy m\u00f4 b\u1ebfp, t\u1ed1i \u01b0u chi ph\u00ed \u0111\u1ea7u t\u01b0 v\u00e0 \u0111\u1ea3m b\u1ea3o hi\u1ec7u qu\u1ea3 s\u1eed d\u1ee5ng l\u00e2u d\u00e0i.<\/p>\n<p data-path-to-node=\"24\"><b data-path-to-node=\"24\" data-index-in-node=\"0\">Ph\u00f2ng D\u1ef1 \u00c1n Thi\u1ebft B\u1ecb B\u1ebfp C\u00f4ng Nghi\u1ec7p<\/b><\/p>\n<ul data-path-to-node=\"25\">\n<li>\n<p data-path-to-node=\"25,0,0\">Hotline: 0783311821<\/p>\n<\/li>\n<li>\n<p data-path-to-node=\"25,1,0\">Email: marketing@pap.com.vn<\/p>\n<\/li>\n<li>\n<p data-path-to-node=\"25,2,0\">V\u0103n ph\u00f2ng: 36 Tr\u1ea7n Hu\u1ea5n, C\u1ea9m L\u1ec7, Tp \u0110\u00e0 N\u1eb5ng<\/p>\n<\/li>\n<\/ul>\n<p>Facebook:\u00a0<a href=\"https:\/\/www.facebook.com\/PAPCommercialKitchenSupplier\" target=\"_blank\" rel=\"noopener\">Commercial Kitchen Equipment and stainless steel by PAP<\/a><\/p>\n<p>Pinterest:\u00a0<a href=\"https:\/\/www.pinterest.com\/PAPKITCHEN2025\/\" target=\"_blank\" rel=\"noopener\">C\u00f4ng Ty TNHH Th\u01b0\u01a1ng M\u1ea1i V\u00e0 D\u1ecbch V\u1ee5 P.A.P<\/a><\/p>\n","protected":false},"excerpt":{"rendered":"<p>B\u00e0n m\u00e1t 3 c\u1eeda tr\u01b0\u1edbc 1m8 FinoCool FN-UC1800:<\/p>\n<ul>\n<li>K\u00edch th\u01b0\u1edbc (mm) 1800 x 700 x 850<\/li>\n<li>Dung t\u00edch (L) 440<\/li>\n<li>Nhi\u1ec7t \u0111\u1ed9 (\u00b0C) 2 ~ 10<\/li>\n<li>M\u00e1y n\u00e9n Embraco<\/li>\n<li>B\u1ed9 \u0111i\u1ec1u khi\u1ec3n Dixell<\/li>\n<\/ul>\n","protected":false},"featured_media":1225,"comment_status":"open","ping_status":"closed","template":"","meta":[],"product_brand":[24],"product_cat":[17,75],"product_tag":[],"class_list":{"0":"post-1222","1":"product","2":"type-product","3":"status-publish","4":"has-post-thumbnail","6":"product_brand-finocool","7":"product_cat-thiet-bi-bep","8":"product_cat-thiet-bi-lanh","10":"first","11":"instock","12":"taxable","13":"shipping-taxable","14":"purchasable","15":"product-type-simple"},"_links":{"self":[{"href":"https:\/\/products.pap.com.vn\/index.php?rest_route=\/wp\/v2\/product\/1222","targetHints":{"allow":["GET"]}}],"collection":[{"href":"https:\/\/products.pap.com.vn\/index.php?rest_route=\/wp\/v2\/product"}],"about":[{"href":"https:\/\/products.pap.com.vn\/index.php?rest_route=\/wp\/v2\/types\/product"}],"replies":[{"embeddable":true,"href":"https:\/\/products.pap.com.vn\/index.php?rest_route=%2Fwp%2Fv2%2Fcomments&post=1222"}],"version-history":[{"count":4,"href":"https:\/\/products.pap.com.vn\/index.php?rest_route=\/wp\/v2\/product\/1222\/revisions"}],"predecessor-version":[{"id":1229,"href":"https:\/\/products.pap.com.vn\/index.php?rest_route=\/wp\/v2\/product\/1222\/revisions\/1229"}],"wp:featuredmedia":[{"embeddable":true,"href":"https:\/\/products.pap.com.vn\/index.php?rest_route=\/wp\/v2\/media\/1225"}],"wp:attachment":[{"href":"https:\/\/products.pap.com.vn\/index.php?rest_route=%2Fwp%2Fv2%2Fmedia&parent=1222"}],"wp:term":[{"taxonomy":"product_brand","embeddable":true,"href":"https:\/\/products.pap.com.vn\/index.php?rest_route=%2Fwp%2Fv2%2Fproduct_brand&post=1222"},{"taxonomy":"product_cat","embeddable":true,"href":"https:\/\/products.pap.com.vn\/index.php?rest_route=%2Fwp%2Fv2%2Fproduct_cat&post=1222"},{"taxonomy":"product_tag","embeddable":true,"href":"https:\/\/products.pap.com.vn\/index.php?rest_route=%2Fwp%2Fv2%2Fproduct_tag&post=1222"}],"curies":[{"name":"wp","href":"https:\/\/api.w.org\/{rel}","templated":true}]}}